ime number?
False
Let d(c) = 6*c**3 + c**2 + 5*c + 11. Is d(7) a composite number?
False
Suppose -5*u + 845 = -840. Is u a prime number?
True
Let b = 500 - -31. Suppose -v - 5 = 0, 832 + b = -3*h + v. Let r = h + 747. Is r prime?
False
Suppose -3*k + 4*l = -11, -4*k = 3*l - 15 - 8. Suppose 0 = -p - k*t + 2, -2*t + 3*t = 1. Let x(h) = 5*h**2 + h - 3. Is x(p) a composite number?
True
Let w = 20 - 6. Suppose r - w = 44. Is r composite?
True
Suppose 3*f + 4*i - 547 = 0, f + 11*i - 6*i = 197. Is f a prime number?
False
Let d = 41 - -216. Is d a prime number?
True
Suppose -4*v = -b + 397, 4*b - 1108 - 535 = 5*v. Is b composite?
True
Suppose 10 = 4*c - 6*c, 2*c - 9706 = -4*b. Is b a prime number?
False
Suppose -4*g + 2*g + 254 = 0. Is g a composite number?
False
Suppose -646 = -4*l + 5*y, -4*l - y + 4*y + 642 = 0. Is l a prime number?
False
Let h(g) be the second derivative of 0 - 1/6*g**3 - 3*g + 53/2*g**2. Is h(0) composite?
False
Suppose 0 = 5*r - 4*y - 1619, 2*y + 648 = -0*r + 2*r. Is r prime?
False
Let s be 12/(-20) + (-18)/(-5). Suppose 3*x = -s*c + 144, x - 193 = -4*c - 4*x. Is c prime?
True
Suppose -4*o - 24 = -4*x, o - x = -4*x + 6. Let d(s) = 8*s**2 + s - 4. Let y be d(o). Let c = y - 40. Is c prime?
False
Let c be ((-1)/(-3) + 0)*9. Let m = c + -1. Suppose m*i = i - 5*s, 4*i - s = 105. Is i composite?
True
Suppose 0 = 18*d - 22*d + 444. Suppose -446 - d = -r. Is r a prime number?
True
Is -1 + 0 + 680 + -8 prime?
False
Suppose 267 = 3*s - 834. Is s a prime number?
True
Let q = 5 + -2. Is q/2*(-140)/(-15) composite?
True
Let w = 807 - -962. Is w prime?
False
Let r(m) = -m**2 - 2*m + 6. Let t be r(-4). Is (1 - -3) + 121 + t a composite number?
True
Suppose -4*v - j = -307, v - 3*j - 388 = -4*v. Is v a prime number?
False
Let w(v) = -v**3 - 32*v**2 - 44*v - 62. Is w(-31) composite?
True
Let u(p) be the second derivative of -p**4/24 - p**3/6 - 2*p**2 - 4*p. Let l(a) be the first derivative of u(a). Is l(-8) a prime number?
True
Let f be 1/(-2) + 9/18. Let i(x) = 6*x + 32. Let o(l) = l - 1. Let b(g) = i(g) - 5*o(g). Is b(f) a prime number?
True
Suppose -4*a - 12 = 3*v, -5*v - 3*a - 12 - 8 = 0. Is 531/(-3)*v/4 prime?
False
Suppose b + 4*a = 3429, 2*b + 3*a = a + 6870. Is b prime?
False
Let f = 342 - 151. Is f prime?
True
Let a = -1488 + 889. Let c(l) = 231*l**3 - 3*l**2 - 4*l - 2. Let d be c(-1). Let p = d - a. Is p composite?
False
Suppose -3*a = -0*a. Suppose a*o = 3*o - 4*t - 8, -8 = -4*o + 4*t. Suppose -q + 5*q + 39 = 5*z, -4*z - 3*q + 25 = o. Is z prime?
True
Suppose -34 = -2*s + 46. Let h = s - -13. Is h a composite number?
False
Is 6/(6/(-3)) + 92 a prime number?
True
Suppose -2*w - 532 - 343 = -3*v, 0 = 2*v - 5*w - 565. Is v composite?
True
Let d be (-2 + 10)/4*2. Suppose -3*y = 9, y = d*k - 318 - 137. Is k a composite number?
False
Let o = -180 - -367. Is o prime?
False
Let l be 27/6 + 2/4. Suppose -5*k = 3*q + 16, l*k = 2*q + 2*k - 2. Is 1*2 + q + 3 a prime number?
True
Let s(f) = -f**3 - f**2 + f + 1. Let z be s(0). Let j(c) = 494*c**2 + c - 1. Let k be j(z). Is k/14 - (-2)/(-7) a composite number?
True
Suppose -4*d + 7*d = 0. Suppose 4*v - r + 5 = 2, d = -4*v + 4*r - 12. Suppose -5*m + 2*m + 93 = v. Is m a prime number?
True
Suppose 5*n - n - 444 = 0. Suppose 4*k + 132 = k. Let p = n + k. Is p a prime number?
True
Let b(y) = y**3 - 3*y**2 - 2*y - 5. Let d be b(4). Suppose 3*s = -2*k + 86, -d*s = -4*k - 57 + 229. Is k a prime number?
True
Is -3 - -6 - -1242 - (-2 + -2) a prime number?
True
Let w = 1120 + -585. Is w prime?
False
Suppose -3*n = l - 4 + 17, 5*l - 13 = -2*n. Let t = -3 - n. Let r = t + 16. Is r prime?
True
Let o(q) = -15*q - 1. Suppose 14 = -2*s + 6. Is o(s) prime?
True
Let t(u) = 5 + u - 6*u**2 + 2*u**3 + 0*u**3 + 3*u. Suppose -1 + 13 = 3*s. Is t(s) a composite number?
False
Suppose 3*o + 0*o + d = 1, -5*o = 4*d - 4. Is (o - -1 - 0) + 38 a composite number?
True
Is (-239)/(-3) + (-4)/6 a composite number?
False
Let l(v) = -v**3 - 2*v**2 - 3*v - 3. Let y be l(-2). Suppose 0 = y*m - 1 - 20. Is m composite?
False
Suppose -l - 5 = 0, -857 - 692 = -4*t - 3*l. Is t a composite number?
True
Let f = -685 - -2111. Suppose -4*x = -4*j + 2160, -3*x + f + 1314 = 5*j. Is j a composite number?
True
Let h = 643 + -165. Is h prime?
False
Let y be ((-88)/24)/(2/(-42)). Let t = y + 321. Suppose t = 3*d - 163. Is d prime?
False
Let l = 1195 + 1264. Is l a composite number?
False
Suppose -p - 5*n = -14, -2*p + 2*n - 70 = -7*p. Is p a composite number?
True
Suppose 3*y + 0*y = 0. Suppose 4*t + y = 4, 0 = -2*o - 4*t + 14. Suppose 2*g = o*g - 6, 5*g = 4*h - 202. Is h composite?
False
Suppose 39 = 3*z - 12. Suppose 0 = 2*x - 2*i + 4*i + 6, 0 = -5*x - 2*i - 24. Let n = x + z. Is n a composite number?
False
Suppose 26 = 2*k - 30. Let j be (k/(-6))/((-7)/21). Suppose 0 = 2*y - 88 + j. Is y composite?
False
Let m = 2091 + -1396. Is m composite?
True
Let u(y) = -y**2 - 3*y + 1. Let j be u(-10). Let l = j + 278. Is l prime?
False
Let t(u) = 535*u + 2. Is t(1) a prime number?
False
Let i be (1*31)/((-8)/(-120)). Let l = i + -278. Is l a prime number?
False
Let g(q) = 2*q + 2. Let a be g(-2). Suppose 0 = -u - 4*y - 11, -5*u - 2*y = -2*u - 17. Let h = u + a. Is h composite?
False
Suppose -3*u = 4*z - 0*z - 32, 52 = 2*u - 5*z. Let s(x) = -x**3 + 10*x**2 + 12*x - 7. Let l be s(11). Suppose -l*b + 76 + u = 0. Is b a prime number?
True
Suppose -1 = c - 16. Is c a prime number?
False
Suppose -f = 3*l - 4, 3*l - 1 = -5*f - 5. Let c(u) = 6*u - 2. Let q be c(l). Is 1742/22 + q/(-55) composite?
False
Let d = -5 + 7. Suppose -d*z = 5*q - 0*q - 125, q - z = 18. Is q a composite number?
False
Let t = 5 + 20. Is 6/(-5)*t/(-2) a composite number?
True
Let k = -97 - -177. Let z = k - 45. Is z composite?
True
Let p(u) be the first derivative of 3*u**4/4 - 2*u**3/3 - 2*u**2 + 2*u + 4. Is p(3) composite?
False
Let q(l) = -157*l**2 - 3*l - 2. Let r be q(-3). Let u = -819 - r. Is u composite?
False
Is (-6)/8 + (-3420)/(-16) composite?
True
Let n(g) = 17*g**2 - g - 11. Is n(-5) a composite number?
False
Let u = -12 + 17. Suppose -2*j = -3*i - 13, 4*j + i + 0*i - u = 0. Is (6 + 1)/(1/j) prime?
False
Suppose -4*l = -2309 - 2543. Is l prime?
True
Let z = 754 + 593. Is z prime?
False
Let b(a) = 3*a**3 - 3*a**2 + 3*a - 137. Let i(w) = 5*w**3 - 5*w**2 + 5*w - 273. Let v(z) = 7*b(z) - 4*i(z). Is v(0) composite?
True
Let m(w) = w**3 + w**2 - 1. Let g(n) = -81*n**3 + 2*n**2 - 2. Let x be 2/4*(5 - 3). Let r(o) = x*g(o) - 2*m(o). Is r(-1) composite?
False
Let c(w) = -14*w + 3. Let r be c(-4). Let p = 218 - r. Is p composite?
True
Let x(s) = s**2 - 5*s + 7. Is x(9) a prime number?
True
Suppose -2*w = -5*w + 501. Suppose -2*h + 442 = 5*d, 5*d + w = h - 24. Is h a prime number?
True
Let h(z) = z**3 + 9*z**2 + 6*z. Let v be h(-8). Let o be v*((-18)/8)/(-1). Suppose 2*d - o = 6. Is d composite?
True
Is (36/3)/(-3) - 2886/(-2) prime?
True
Let y(m) = 3*m**2 - 9*m - 9. Is y(13) a composite number?
True
Suppose -o + 0*o + 5*y = 17, -2*o - y - 12 = 0. Let t = o - -7. Suppose t*r - r = -85. Is r a prime number?
False
Suppose -3*m - 25 = -8*m. Suppose 0 = -0*k + 3*k + c - 33, -4*c + 48 = m*k. Is ((-93)/k + 0)*-4 composite?
False
Let s(t) = -t**2 + t + 1. Let w be s(0). Let y = w + -1. Suppose 0 = l + 5, -2*b + 2*l + 36 = -y*b. Is b composite?
False
Let v(a) = -2*a**3 - 27*a**2 + 3*a - 11. Let k(d) = -d**3 - 13*d**2 + 2*d - 5. Let c = -31 - -18. Let g(w) = c*k(w) + 6*v(w). Is g(-7) a composite number?
True
Suppose 16*v - 6*v - 16570 = 0. Is v a prime number?
True
Let k be ((-4)/6)/(8/(-12)). Suppose -79 = 5*p + 4*d, -d = -p - k - 13. Is (26/(-10))/(3/p) composite?
False
Let r = -338 - -857. Is r a prime number?
False
Is 8/4*(-573)/(-2) prime?
False
Suppose 0 = 2*a - 3 + 15. Let w = a + 29. Is w prime?
True
Let g(w) = 140*w**2 - w - 4. Is g(-3) prime?
True
Suppose 4*d - r - 18 = 0, 5*r + 1 = -9. Let z be ((-24)/(-18))/(d/78). Suppose 0 = -2*l + z + 20. Is l a composite number?
False
Suppose -6 = -4*t + t. Suppose -z - 164 = -3*f, -t*z + 5*f = 64 + 269. Let u = -100 - z. Is u a prime number?
True
Let t(y) be the third derivative of y**6/120 + y**5/30 - y**4/8 + y**2. Let g(h) = h**2 - 10*h - 9. Let z be g(11). Is t(z) a composite number?
True
Let x(w) = 2*w**2 + w - 1. Let a be x(1). Let u be (a